-5)/((-15)/(-6)) is divided by b?
12
Let i = 21 - 17. Calculate the remainder when 15 is divided by i.
3
Suppose -3*u = 2*a - 4, 2*u - 24 = 5*a - a. Suppose -60 - 24 = -12*p. What is the remainder when u/(-14) + 205/p is divided by 10?
9
Suppose -3*j + 122 = 4*w, -114 = -5*w + w + j. Let u = w - 18. Calculate the remainder when 19 is divided by u.
8
Suppose -4*a - 3*v = -221 - 54, 2*v = -4*a + 274. What is the remainder when a is divided by 18?
14
Let c = -4 - -6. Suppose -3*m + 4 = -c. What is the remainder when (m + -1)*-1 + 8 is divided by 3?
1
Let z = 6 - -3. What is the remainder when 32 is divided by z?
5
Suppose -3*c + 75 = 2*c. What is the remainder when c is divided by 9?
6
Let b(s) be the first derivative of s**3/3 + s**2 + s - 3. Let i be 6/(-4)*16/6. What is the remainder when b(i) is divided by 5?
4
Let a be (-1 + 6)*(-3)/(-5). What is the remainder when -1 + (2 - a)*-32 is divided by 11?
9
Let d(k) = k**3 - 8*k**2 - 9*k - 10. Let w be d(9). Let z = w - -13. Calculate the remainder when 8 is divided by z.
2
What is the remainder when 126 is divided by 16/8*(10 + -2)?
14
Let h = -57 - -88. Let j = 34 + -23. What is the remainder when h is divided by j?
9
Let u(b) = b + 5. Let d be u(0). Let q(g) = g**3 + 2*g**2 + 6*g - 4. Let m be q(d). Suppose 4*s = s + m. What is the remainder when s is divided by 23?
21
Suppose 2*k - 176 = 4*i - 5156, 3*i - 3735 = 4*k. What is the remainder when 54 is divided by (-2)/13 - i/(-65)?
16
Suppose 4*z - 2*s = -z - 3, 5*s - 15 = 5*z. Let x(r) = r**2 + 4*r - 4. What is the remainder when x(5) is divided by (-6)/z*(-49)/21?
13
Let p = -18 - -33. Suppose -5*u + 51 = -79. Calculate the remainder when u is divided by p.
11
Let d(b) = -b**3 - b + 6. Suppose 8*a - 3*a = 0. Suppose -3*f - 4*k + 37 = 0, -k = 3*k - 4. Calculate the remainder when f is divided by d(a).
5
Suppose v - 7 - 13 = 0. Calculate the remainder when 59 is divided by v.
19
Let b = 0 - -130. What is the remainder when b is divided by 33?
31
Let t = 9 + 10. What is the remainder when 53 is divided by t?
15
Let u(h) = -h**3 - 4*h**2 + 2*h - 4. What is the remainder when u(-5) is divided by 7?
4
Let q = -5 + 14. Let x be (-3)/q + (-1)/(-3). Let i(j) = -j**3 + j**2 + 10. What is the remainder when 18 is divided by i(x)?
8
Suppose -2*i - i = -3*h - 27, -5*h = 0. Suppose 4*t - 3*m + 0 = -3, -17 = -4*t - m. Calculate the remainder when i is divided by t.
0
Let n = -27 - -15. Suppose -1 - 5 = 2*s. Let i = s - n. What is the remainder when 25 is divided by i?
7
Suppose 0 = -t + 4, 2 = 5*g - 5*t - 23. Let w = g - 6. Suppose -2*l - w*q - 42 = -6*l, -4*q + 20 = l. What is the remainder when l is divided by 7?
5
Suppose 0 = -4*o + o - d + 56, 2 = -2*d. Let s(r) = -36*r. Calculate the remainder when s(-1) is divided by o.
17
Let u(r) = 2*r**2 + 5*r - 7. Let x be u(5). Suppose -4*h + x = 3*o, 2*o - 8 = -2*h + 26. What is the remainder when h is divided by 5?
2
What is the remainder when (-4 + 3 - -71) + -4 is divided by 17?
15
Suppose 3*b - 5 = -2*n, 0 = 5*b - 10*b - n + 20. What is the remainder when 31 is divided by b?
1
Suppose 2*d - 2*v = 16, d + 0*v + 2*v + 4 = 0. What is the remainder when 9 is divided by d?
1
Let l = 0 + 3. Let s = -4 + 6. Calculate the remainder when l is divided by s.
1
Let k(s) = -s + 7. Calculate the remainder when 29 is divided by k(-9).
13
What is the remainder when 6/12 - (-399)/6 is divided by 24?
19
Let q(v) = -10*v - 24. What is the remainder when q(-11) is divided by 22?
20
Suppose -1 + 2 = g. Let b be 14/((g/(-1))/1). Let k = -2 - b. Calculate the remainder when 35 is divided by k.
11
Let z(t) = t**2 - 4*t + 1. Let w be 8/(-3)*9/(-4). Calculate the remainder when 24 is divided by z(w).
11
Let i = -6 - -8. Let o(v) = v**3 + 3*v**2 + 3*v. Let x be o(-2). Calculate the remainder when i is divided by (-1)/(-3) + x/(-3).
0
Let i = -92 - -100. What is the remainder when i is divided by 4?
0
Let d = -3 + 29. Suppose -3*s + 41 = 2*q, -q + d = 2*s - 0*q. Calculate the remainder when 41 is divided by s.
8
Let z(n) = 13*n - 21. Calculate the remainder when z(5) is divided by 2*(-6)/(-8)*10.
14
Suppose -17 = -3*q + 1. Calculate the remainder when q is divided by 3.
0
Let c(o) = o**3 - 7*o**2 - o + 9. Let v be c(7). Suppose 82 = 4*x + v*a, a + 50 = 4*x - 23. What is the remainder when 75 is divided by x?
18
Let s(g) = -12*g - 13. What is the remainder when s(-9) is divided by 24?
23
Suppose 0 = 4*y - 43 - 121. What is the remainder when y is divided by 22?
19
Suppose -19 = -2*y + 5*r, 0 = 4*y - 7*r + 2*r - 23. Suppose y*z - 124 = -0*z. Calculate the remainder when z is divided by 16.
14
Let t(g) = -g**2 + 8*g + 1. Let n be t(8). Let z be (n - 1) + -2 - -1. Let d = z - -2. Calculate the remainder when 2 is divided by d.
0
Let r(q) = q**3 - 4*q**2 - 4*q + 4. Let v be r(3). Let c be 2*(-3)/(-6) + v. Let x = -11 - c. Calculate the remainder when 13 is divided by x.
3
Let q = -32 - -102. What is the remainder when q is divided by 2/(-11) - 200/(-11)?
16
Suppose -4*c - 5 = 15. Let d = c + 7. What is the remainder when 4 is divided by d?
0
Let c(v) = 2*v - 7. Suppose 0 = -2*x + 4*a - 40, x + 59 = -2*x + 5*a. Let q = x + 25. What is the remainder when c(q) is divided by 4?
3
Let i be -9 - 2/(2/(-3)). What is the remainder when 27 is divided by 0 + (i + 3 - -10)?
6
Suppose 0 = -2*t + 4*d + 24, t + 83 = 5*t - d. Calculate the remainder when 41 is divided by t.
19
Let n(p) = 3*p**2 - 1. What is the remainder when 1 - 1*(-2 - -1) is divided by n(1)?
0
Suppose 19 = d - 0. What is the remainder when d is divided by 10?
9
Suppose 0 = -4*x + 5*x - 5. Suppose 56 = x*o - o. What is the remainder when o is divided by 1/((-2)/(-4)) - -6?
6
Let n(i) = 141*i**2 - 2*i + 1. Let d be n(1). Suppose -2*c + d = 3*c. Let q = 6 - -9. Calculate the remainder when c is divided by q.
13
Let y be 3*2/3 + 33. Suppose -2*s - s = -12, 0 = -5*a + 5*s - y. Let i = 0 - a. What is the remainder when 7 is divided by i?
1
Suppose -7*j = -0*j - 147. Calculate the remainder when 79 is divided by j.
16
Let o(a) = -a**3 - 12*a**2 + 15. What is the remainder when o(-12) is divided by 6?
3
Let l(s) = -9*s - s + 0*s - 24*s. What is the remainder when l(-1) is divided by 12?
10
What is the remainder when (483/9)/(-7)*-3 is divided by 13?
10
Let r(i) = -i**2 + i + 29. Let q(g) = -g. Let o be q(-1). Let v(z) = 10*z**2. What is the remainder when r(0) is divided by v(o)?
9
Suppose -2*x + 2 = -60. Calculate the remainder when x is divided by 12.
7
Suppose 0 = j - 5, 2*n - 33 = -0*j + 3*j. What is the remainder when n is divided by 14?
10
Calculate the remainder when 23 is divided by 15 - 1 - 8/4.
11
Let m(x) = -x**3 + 10*x**2 - 11. Suppose -y = -3*y + 18. Let j be m(y). Suppose -j - 22 = -4*z. Calculate the remainder when z is divided by 8.
7
Let h(c) be the third derivative of c**4/24 - c**2. Let q be h(2). Suppose 2*u + a - 9 = -q*u, 4*u = -3*a + 3. Calculate the remainder when 5 is divided by u.
2
Calculate the remainder when -1 - (1*-21 + -4) is divided by 9.
6
Let y = 27 - 3. Let j be ((-68)/(-10))/((-2)/(-40)). Suppose -4*n + 148 = -j. What is the remainder when n is divided by y?
23
Let v(g) = g**3 + g**2 + 2. Suppose 5*f - 19 = 2*t, 4*f + 2*t + 0 = 8. Calculate the remainder when 2 + -3*f/(-9) is divided by v(0).
1
Let p(t) = t**3 + 12*t**2 - t + 17. What is the remainder when p(-12) is divided by 19?
10
Suppose -p + 1 + 13 = 0. Calculate the remainder when 55 is divided by p.
13
Let z(x) = x**3 - 6*x**2 + 7. Let b = 12 - 7. What is the remainder when z(6) is divided by b?
2
Suppose -4*k = -4*w - 8, -k - 20 = -3*k - 2*w. Let o(j) = -j - k*j + j**2 + 1 + j. Calculate the remainder when o(7) is divided by 5.
3
Suppose 57 = -3*r + 4*r. What is the remainder when r is divided by 30?
27
Let n(d) = d**2 - 1. Let z = 1 + 0. Let h be n(z). What is the remainder when 4 is divided by -1*9/(-3) + h?
1
Let l(x) = -79*x + 15. What is the remainder when l(-2) is divided by 29?
28
Let z(i) = i**2 + 6*i + 4. Let b be z(-5). Calculate the remainder when (37 - b) + (-1 - -2) is divided by 10.
9
Let a(d) = 3*d - 6 - 3 + 7*d**2 + d**3 - 3 + 2. What is the remainder when (23/4)/((-1)/(-4)) is divided by a(-6)?
7
Let m be (-55)/4 + 2/(-8). Let v = 23 + m. What is the remainder when 35 is divided 